t common divisor of x and 3?
3
Let y(s) = s**3 - 7*s**2 + 8*s - 7. Let l be y(6). Let g be (-190 + 189)/((-2)/50). Calculate the highest common factor of l and g.
5
Let x be (1 + -3)/(2/(-115)). Let w be 2/(-5*(-5)/175). Suppose -4*s = -78 - w. Calculate the greatest common factor of x and s.
23
Let c be ((39 - -2) + 1)*36/6. Calculate the highest common factor of c and 420.
84
Let r(u) = -u + 9. Let x(i) = i - 5. Let v(q) = -3*r(q) - 5*x(q). Let s be v(11). Let p be (-2*2)/(8/s). Calculate the greatest common factor of 36 and p.
12
Let s be 12300/45 + 1/(-3). What is the highest common divisor of s and 455?
91
Let a(q) = -q**2 - 31*q - 23. Let t(w) = -2. Let m(h) = a(h) + 5*t(h). Let x be m(-24). Let p = 9 - -6. Calculate the highest common divisor of x and p.
15
Let r(v) = 3*v**2 + 13*v - 22. Let i be r(3). What is the highest common divisor of i and 704?
44
Let l(b) = -b**2 + b + 35. Let c be l(-5). What is the greatest common divisor of 20 and c?
5
Let q be 3/2*(-1984)/(-12). Calculate the highest common factor of 31 and q.
31
Let k(w) = -w**3 - 13*w**2 + 12*w + 11. Let z be k(-14). Calculate the highest common divisor of z and 429.
39
Let y be ((-520)/(-16) + -2)*(-68)/(-2). What is the greatest common divisor of y and 61?
61
Let d be (-1 + -2)/(-1 + 0). Suppose d = -i + 8. Let m be -3 - (6 + 294/(-6)). What is the greatest common divisor of m and i?
5
Suppose 2765 = -4*s + 4965. Calculate the highest common divisor of 22 and s.
22
Let u(x) = -4 + 6 + 3*x**3 + x**2 + x - 1 - 3*x. Let c be u(2). Calculate the greatest common factor of c and 225.
25
Suppose 120 = 5*i + 7*q - 2*q, -97 = -4*i - 3*q. Suppose -7*s + i = -2*s. Suppose 2*g - s = -1. What is the highest common divisor of g and 14?
2
Let q(o) = o + 12. Let s = -9 + 4. Let t be q(s). Let m be 58/t - 30/105. Calculate the greatest common divisor of 72 and m.
8
Let v be (27/(-2))/(2/(-36)). Let w be (-40)/(-6)*(6 + 6). Let s = w - 53. Calculate the highest common divisor of s and v.
27
Let k = -4 - -32. Let h = 17 - 14. Let r(a) = 25*a - 5. Let j be r(h). Calculate the highest common divisor of k and j.
14
Suppose -18 = -4*s + c + 5, 0 = 5*c - 5. Suppose y - s*y = -55. Let f be y*(13 - (-3 - -5)). What is the greatest common factor of 11 and f?
11
Let u(d) = -7*d - 1. Let h be u(-2). Let s be (28/3)/(4/(-30)). Let i = -18 - s. Calculate the greatest common factor of h and i.
13
Let f(u) = -21*u - 23. Let x be f(-4). What is the highest common factor of x and 183?
61
Let q = 996 - 995. What is the highest common factor of q and 151?
1
Suppose 0 = -4*c - 4 + 16, 5*c = -d + 1418. Calculate the highest common factor of 61 and d.
61
Let z be (-6)/(-21) - (-412)/28. Let b(a) = -3*a**2 - 2*a + 4. Let t be b(2). Let f = -2 - t. What is the highest common factor of z and f?
5
Let d(z) = -6*z - 23. Let l be d(-11). Let i = l + -15. Let f be 4/(-16) + 281/4. Calculate the highest common divisor of f and i.
14
Let g = 205 - 332. Let i = g - -193. What is the greatest common divisor of i and 11?
11
Let f(z) = 5*z**2 - 24*z - 32. Let g(n) = 4*n**2 - 24*n - 32. Let w(l) = -5*f(l) + 6*g(l). Let s be w(-22). What is the highest common divisor of s and 192?
12
Let a be ((-8)/10)/(-1)*360/6. Calculate the highest common factor of 708 and a.
12
Suppose -1 - 3 = -q. Suppose -q*g - t = -11, -g + 4*t + 36 = 3*g. Suppose 4*x - 4*r = -8, g*r + 1 = 2*x + 11. What is the highest common divisor of x and 3?
1
Let f(x) = -12*x - 108. Let l be f(-18). Calculate the greatest common factor of l and 378.
54
Suppose b = t + 8, 3*b = 6*b - 4*t - 29. Let w(u) = 37*u - 13. Let p be w(b). What is the greatest common factor of p and 14?
14
Suppose -2*o = -3*y - 295, 5*o = o + 3*y + 593. Suppose 0 = -8*q - 29 + o. What is the greatest common divisor of 60 and q?
15
Let x = -130 + 132. Suppose 2*i - 2*b = 446, -3*b - b = -x*i + 450. What is the highest common divisor of i and 17?
17
Let o = 16 + -7. Let q = 9 - 9. Suppose 358 = -q*n + 4*n + s, 5*n - 5*s - 460 = 0. What is the greatest common divisor of o and n?
9
Let m(z) be the first derivative of -2*z**2 - 8*z - 16. Let y be m(-7). What is the greatest common factor of y and 4?
4
Suppose -7*f + 5*f = 6. Let h be (-3)/9 + (-73)/f. What is the greatest common factor of h and 48?
24
Let v(l) = -2*l**2 + 30*l - 10. Let c be v(14). What is the greatest common divisor of c and 120?
6
Suppose -3*c = c - 36. Let k be (-3)/(-6)*(-2)/(-1). Let o be 1*(27 + k) - 1. What is the greatest common divisor of c and o?
9
Suppose -38 = -5*i - 8. Suppose -16 = -5*j - 2*z, 0 = -j - 5*z - 7 + 24. Let g be (-2 + 1)/(j/(-84)). What is the greatest common divisor of i and g?
6
Let r = -220 + 410. Calculate the highest common factor of r and 76.
38
Let h be 281/7 + 3/(-21) + 2. Let d = 0 + 6. Calculate the greatest common factor of d and h.
6
Let u be -2 - -1 - (-1 + 18). Let w be (-10)/((-3)/(u/(-3))). Let x = w - 8. What is the greatest common factor of x and 132?
12
Let o be (-2)/1 + (5 - 2) - -70. Calculate the highest common factor of 355 and o.
71
Let x(o) = -46*o - 252. Let c be x(-7). Let g(m) = 7*m**2 + m - 2. Let u be 4/18 + (-32)/(-18). Let l be g(u). Calculate the highest common divisor of l and c.
14
Suppose -59*q = -76*q + 34969. Calculate the greatest common factor of 17 and q.
17
Let r = 344 - 328. Let x be -2*(-9)/6 - -141. What is the greatest common divisor of r and x?
16
Let s(i) be the second derivative of -i**5/20 - i**4 - 7*i**3/3 - 21*i**2/2 + 14*i. Let x be s(-11). What is the greatest common divisor of 12 and x?
12
Let g be (-256)/26 - (-6)/(-39). Let x be 4/g - 1134/(-35). What is the highest common factor of 16 and x?
16
Suppose -3*a = 11*a - 1106. Let s = 87 - a. What is the highest common factor of 88 and s?
8
Let a = 200 - -1354. Calculate the highest common divisor of 42 and a.
42
Suppose z + 0*z - 40 = 0. Let x(o) = -51*o - 1. Let b be x(-1). Suppose -5*l = -0*l - b. What is the highest common factor of l and z?
10
Let c(t) = -t**3 + 9*t**2 - 4*t - 5. Suppose -u + 2*u - 28 = 4*d, -4*u + 57 = -5*d. Let k be c(u). What is the greatest common divisor of k and 81?
27
Suppose -3*n + 2*u + 2 = 4*u, 5*n - 3*u + 22 = 0. Let z = 4 + -5. Let b = z - n. Calculate the highest common factor of 9 and b.
1
Suppose 0*h - 2*h = -4. Suppose 0 = -2*z + 4*p + 88, 5*z + 5*p - 154 = h*z. What is the greatest common factor of z and 72?
24
Let a be -6*((-207)/27 + 7). Calculate the highest common divisor of 64 and a.
4
Let v(n) = 2*n**2 + 9*n + 1. Let d = 31 + -23. Let l = d + -15. Let a be v(l). Calculate the greatest common factor of 54 and a.
18
Suppose 56 + 72 = 4*c. Let o = -58 + 179. Let d = o + -117. What is the highest common divisor of c and d?
4
Let t be (-126)/(-28) + (-1)/2. Let i(y) = -2*y + 9. Let f be i(t). Suppose -7 = 3*r - 10. What is the highest common divisor of r and f?
1
Let g(h) = h**2 - 3*h - 8. Let a be g(-2). What is the highest common factor of 64 and a?
2
Suppose 1 = -f, -77 = 2*w - 6*w - 3*f. What is the highest common divisor of 620 and w?
20
Let f(o) = -o**3 + 3*o**2 + 3*o - 1. Let g be f(3). Suppose 99*h - 86*h - 728 = 0. Calculate the greatest common factor of g and h.
8
Suppose 5*f = -v + 100, 4*f + 227 - 91 = v. What is the greatest common factor of v and 100?
20
Let k(c) be the second derivative of c**4/12 + c**3/6 - 15*c**2/2 + 23*c. Let w be k(6). What is the greatest common factor of w and 18?
9
Let y be ((-17)/5)/(3/(-15)). Suppose 2*r + 9 + 21 = 0. Let n = r + y. Calculate the highest common factor of n and 18.
2
Let h be 3 - 4*(-2 - -1). Let g = 3 + h. Let j(v) = -11*v - 11. Let f be j(-11). What is the greatest common divisor of g and f?
10
Let x(n) = 67*n**2 - 20*n + 37. Let y be x(3). What is the greatest common divisor of 29 and y?
29
Let t = 1337 - 1325. Calculate the highest common factor of 804 and t.
12
Suppose -260*d = -255*d - 3*z - 161, 0 = -4*d - z + 139. Let i(p) = -p**3 - 2*p**2 - 2*p - 6. Let c be i(-4). What is the greatest common divisor of c and d?
34
Let t be (-4)/(((-16)/66)/8). Suppose -j + 3*j - 39 = 3*i, 2*j = -5*i - 1. What is the highest common factor of t and j?
12
Let d = -19 + 53. Let f = d + -36. Let m be (f + (4 - 7))*-3. Calculate the highest common factor of m and 105.
15
Let x = -28 - -34. Let n = 104 - x. What 